429 a composite number?
True
Is 82178539 a prime number?
False
Is 14927707 a composite number?
True
Is 2051211 a prime number?
False
Is 3384671 a composite number?
False
Is 468521 prime?
False
Is 37562561 prime?
True
Is 6967397 a composite number?
True
Is 24648769 a prime number?
True
Is 1436527 prime?
True
Is 30775567 composite?
False
Is 14949083 composite?
False
Is 6686531 prime?
False
Is 2486023 prime?
False
Is 5579917 a prime number?
False
Is 894059 composite?
False
Is 1423853 a composite number?
False
Is 14695291 a composite number?
True
Is 81271991 composite?
False
Is 181120621 prime?
False
Is 240853 prime?
True
Is 196598183 prime?
False
Is 16463743 a prime number?
True
Is 190082647 a prime number?
False
Is 15301007 composite?
False
Is 700171 a composite number?
False
Is 27190073 prime?
False
Is 19631533 a prime number?
False
Is 233808598 prime?
False
Is 6844229 composite?
True
Is 56585279 a prime number?
False
Is 23387563 a prime number?
False
Is 75238171 prime?
True
Is 4224333 a composite number?
True
Is 2885977 a composite number?
False
Is 875071 a prime number?
False
Is 293678243 a composite number?
False
Is 1773487 prime?
True
Is 179235617 a composite number?
True
Is 1629831113 a prime number?
True
Is 231441839 a prime number?
False
Is 4924493 a composite number?
True
Is 4625663 composite?
True
Is 55381603 a composite number?
False
Is 160579 prime?
True
Is 16075331 prime?
True
Is 356875691 a prime number?
True
Is 652163 a composite number?
True
Is 16503499 prime?
True
Is 10849121 composite?
False
Is 409450123 a composite number?
False
Is 14257637 a composite number?
False
Is 9674939 composite?
False
Is 26199181 a prime number?
False
Is 3219599 prime?
False
Is 57846571 composite?
False
Is 22928629 a prime number?
True
Is 4180451 prime?
False
Is 867443 composite?
False
Is 209990591 composite?
False
Is 3484123 a composite number?
False
Is 13038743 a composite number?
False
Is 4839437 composite?
False
Is 152645747 prime?
False
Is 25365493 a prime number?
True
Is 39398687 a prime number?
True
Is 295992941 prime?
True
Is 19070803 composite?
False
Is 951854 composite?
True
Is 11450801 prime?
False
Is 901963 prime?
True
Is 1864039 a prime number?
True
Is 84528469 prime?
True
Is 18983231 a prime number?
True
Is 6054929 composite?
False
Is 8619343 a composite number?
False
Is 1307953 a prime number?
False
Is 258889 a composite number?
True
Is 148324933 prime?
True
Is 1018845271 a composite number?
False
Is 190735723 a composite number?
True
Is 7269089 prime?
True
Is 73409173 composite?
False
Is 45509203 a prime number?
False
Is 845828417 prime?
False
Is 10778539 composite?
False
Is 1751804129 composite?
True
Is 19205687 composite?
False
Is 599243 a composite number?
False
Is 2282027 prime?
False
Is 43779067 prime?
False
Is 19466059 a composite number?
True
Is 37394591 a prime number?
False
Is 248378057 composite?
False
Is 5743169 a composite number?
True
Is 41898001 composite?
False
Is 222319147 prime?
True
Is 194857993 a composite number?
True
Is 8984485 composite?
True
Is 3874711 a composite number?
False
Is 57303079 a composite number?
False
Is 18488983 prime?
False
Is 19038121 prime?
False
Is 196032949 composite?
True
Is 235419751 a prime number?
False
Is 2902309 prime?
True
Is 1963873 a prime number?
True
Is 63402151 a composite number?
True
Is 20044303 composite?
False
Is 2082077 a prime number?
False
Is 70093469 a composite number?
False
Is 18489967 a composite number?
False
Is 72030671 a prime number?
True
Is 122691901 prime?
True
Is 896507 composite?
True
Is 2065363 a composite number?
False
Is 1157969 composite?
False
Is 2614377 a prime number?
False
Is 233917933 prime?
False
Is 876417709 a composite number?
True
Is 1416329 a composite number?
False
Is 16297297 prime?
False
Is 8190703 a composite number?
True
Is 1444543 prime?
True
Is 80208221 a composite number?
False
Is 177278939 prime?
True
Is 69883097 composite?
True
Is 931001 composite?
True
Is 40477433 composite?
False
Is 1281073 composite?
True
Is 25274605 prime?
False
Is 2956169 prime?
False
Is 417252289 composite?
True
Is 7253746 composite?
True
Is 205297 composite?
False
Is 10399811 a composite number?
False
Is 1469047 prime?
True
Is 2008913 a composite number?
True
Is 333073837 composite?
True
Is 1101701 prime?
False
Is 4923509 prime?
True
Is 1608427247 prime?
False
Is 600102373 a composite number?
True
Is 4867757 a composite number?
True
Is 790121 prime?
True
Is 20635291 prime?
True
Is 3467039 composite?
False
Is 202920821 composite?
False
Is 2907343 prime?
False
Is 2124553 a prime number?
True
Is 458907533 composite?
True
Is 109651 a prime number?
False
Is 9065207 composite?
False
Is 64939717 composite?
False
Is 1567907 composite?
True
Is 101583701 composite?
True
Is 26621561 a prime number?
True
Is 146324723 composite?
True
Is 41724901 prime?
False
Is 12309233 prime?
True
Is 5899573 a composite number?
False
Is 1211713 prime?
False
Is 122581163 prime?
True
Is 52479013 prime?
True
Is 1653637793 a prime number?
True
Is 119129453 prime?
False
Is 181003099 prime?
False
Is 78967333 composite?
False
Is 3208319 prime?
True
Is 82635101 composite?
False
Is 46124185 prime?
False
Is 971539 composite?
True
Is 2329937 prime?
True
Is 559999 prime?
False
Is 6122707 a prime number?
True
Is 29599 composite?
False
Is 5496026 a prime number?
False
Is 745599 prime?
False
Is 1341037 a prime number?
False
Is 24030437 prime?
False
Is 105729149 prime?
False
Is 606643 a composite number?
False
Is 2215972093 a prime number?
True
Is 1662833 a composite number?
False
Is 30009679 composite?
True
Is 45001471 a composite number?
True
Is 3272459 composite?
False
Is 33788957 composite?
False
Is 1515661 composite?
True
Is 85706167 a composite number?
False
Is 22891619 prime?
False
Is 547462633 a prime number?
True
Is 105888187 prime?
False
Is 311533 a prime number?
True
Is 550733 a prime number?
True
Is 391729 a prime number?
False
Is 17662751 a composite number?
True
Is 9408017 a composite number?
False
Is 139081 a prime number?
False
Is 9829639 a prime number?
True
Is 19928399 a prime number?
False
Is 130071697 composite?
True
Is 763709 a prime number?
False
Is 130726003 composite?
False
Is 225035071 prime?
True
Is 60931439 prime?
False
Is 12134273 prime?
True
Is 5690117 composite?
True
Is 324674093 prime?
True
Is 17092981 a composite number?
True
Is 110779237 prime?
True
Is 336857 composite?
False
Is 81661741 composite?
True
Is 32035337 a prime number?
True
Is 7394981 composite?
True
Is 33763729 composite?
True
Is 6466349 a composite number?
False
Is 175050527 composite?
True
Is 54054641 a prime number?
True
Is 7754141 prime?
True
Is 10653193 prime?
False
Is 70580453 composite?
False
Is 151492651 a prime number?
False
Is 10381571 prime?
False
Is 7542593 composite?
False
Is 9385903 prime?
True
Is 2906549 prime?
True
Is 2402849 composite?
False
Is 4407587 prime?
False
Is 62728733 prime?
False
Is 8173709 a composite number?
False
Is 119562217 prime?
True
Is 5212957 composite?
True
Is 8991223 prime?
True
Is 71691073 a prime number?
True
Is 65911897 prime?
False
Is 1951949 composite?
False
Is 1839317 composite?
False
Is 16396399 prime?
False
Is 1906271 composite?
False
Is 480798583 composite?
False
Is 96904999 a prime number?
False
Is 6447059 composite?
False
Is 1053533 a composite number?
True
Is 6467197 a composite number?
True
Is 33402445 a prime number?
False
Is 3808667 prime?
True
Is 1897067 a composite number?
True
Is 29311073 a composite number?
True
Is 46116977 a prime number?
True
Is 98023385 a prime number?
False
Is 3093559 composite?
True
Is 348198167 composite?
False
Is 5292587 a composite number?
True
Is 26527769 a prime number?
False
Is 43549127 composite?
False
Is 289436087 a prime number?
True
Is 2900938 composite?
True
Is 2046781 a composite number?
True
Is 4479317 prime?
True
Is 32413349 composite?
False
Is 22189 a prime number?
True
Is 10531291 a composite number?
False
Is 54560747 prime?
False
Is 24989761 composite?
False
Is 78241 composite?
False
Is 3150229 a prime number?
True
Is 89939 a prime number?
True
Is 9657601 a prime number?
False
Is 845717 a composite number?
False
Is 325855583 a composite number?
True
Is 148181273 composite?
True
Is 15373759 composite?
True
Is 2930883